{"id":14,"date":"2022-04-05T19:41:39","date_gmt":"2022-04-05T19:41:39","guid":{"rendered":"https:\/\/dbs-ag.ch\/?page_id=14"},"modified":"2023-06-24T15:33:02","modified_gmt":"2023-06-24T15:33:02","slug":"uber-uns","status":"publish","type":"page","link":"https:\/\/dbs-ag.ch\/index.php\/uber-uns\/","title":{"rendered":"\u00dcber uns"},"content":{"rendered":"\n<p class=\"has-black-color has-text-color\">Die DBS-Partner AG ist ein Unternehmen mit Hauptsitz in Einsiedeln.<br><br>DBS Partner AG ist ein Unternehmen der Sicherheitsbranche, spezialisiert auf die Bereiche Lieferlogistik, Bau\u00fcberwachung, Sicherheit, Streifendienst und Zugangskontrolle. Seit seiner Gr\u00fcndung hat sich das Unternehmen einen hervorragenden Ruf f\u00fcr Professionalit\u00e4t, Zuverl\u00e4ssigkeit und Effizienz aufgebaut.<br><br>Unser engagiertes Team besteht aus hochqualifizierten Sicherheitskr\u00e4ften mit umfassender Erfahrung in verschiedenen Sicherheitsbereichen. Wir legen gro\u00dfen Wert auf kontinuierliche Schulung und Weiterbildung, um unsere Mitarbeiter \u00fcber die neuesten Sicherheitsstandards und -techniken auf dem Laufenden zu halten.<br><br>Unser Markenzeichen ist ein ma\u00dfgeschneiderter Ansatz f\u00fcr Ihre Sicherheitsanforderungen. Wir verstehen, dass jedes Unternehmen einzigartig ist und unterschiedliche Herausforderungen hat. Deshalb arbeiten wir eng mit unseren Kunden zusammen, um ihre spezifischen Anforderungen zu verstehen und individuelle Sicherheitsl\u00f6sungen zu entwickeln. Unser Ziel ist es, einen umfassenden Schutz zu bieten, der Ihren Bed\u00fcrfnissen und Ihrem Budget entspricht.<br><br>Wir sind stolz darauf, unseren Kunden einen umfassenden Service zu bieten. Wir stehen unseren Kunden von der Beratung und Risikoanalyse \u00fcber die Planung und Umsetzung von Sicherheitsma\u00dfnahmen bis hin zur kontinuierlichen \u00dcberwachung und Auswertung zur Seite. Unsere Dienstleistungen umfassen die Bereiche Lieferlogistik, Standort\u00fcberwachung, Sicherheit, Streifendienst, Verkehrsdienste und Zutrittskontrolle. Unser Ziel ist es, eine sichere Umgebung f\u00fcr Ihr Unternehmen, Ihre Mitarbeiter und Kunden zu schaffen.<br><br>Neben unserem Fachwissen legen wir besonderen Wert auf erstklassigen Kundenservice. Wir streben langfristige Partnerschaften an und sorgen daf\u00fcr, dass unsere Kunden mit unseren Leistungen rundum zufrieden sind. Unser Team ist jederzeit bereit, Ihre Fragen zu beantworten, Sie zu beraten und ma\u00dfgeschneiderte L\u00f6sungen anzubieten. Wir sind stolz darauf, Teil der Sicherheitsbranche zu sein und aktiv zur Sicherheit unserer Kunden beizutragen. Unsere Erfahrung, unser Fachwissen und unser Engagement sorgen daf\u00fcr, dass Ihre Sicherheitsanforderungen erf\u00fcllt werden und Sie sich auf ein sicheres Gef\u00fchl verlassen k\u00f6nnen.<br><br>Unsere Mitarbeiter k\u00f6nnen auf mehrj\u00e4hrige Erfahrung zur\u00fcckgreifen. Zusammen mit unseren Partnern reagieren wir in dieser Zusammensetzung auf die Bed\u00fcrfnisse der modernen Bauwirtschaft und k\u00f6nnen so \u2013 ganz nach unserem Motto <strong>\u201ekompetent, einfach &amp; gut&#187;<\/strong> &#8211; daf\u00fcr sorgen, dass Ihr Projekt erfolgreich umgesetzt wird.<\/p>\n\n\n\n<p class=\"has-black-color has-text-color\"><br>Kontaktieren Sie uns noch heute, um mehr \u00fcber unsere Sicherheit und Dienstleistungen zu erfahren. Wir helfen Ihnen gerne weiter.<br><\/p>\n\n\n\n<p class=\"has-black-color has-text-color\"><\/p>\n","protected":false},"excerpt":{"rendered":"<p>Die DBS-Partner AG ist ein Unternehmen mit Hauptsitz in Einsiedeln. DBS Partner AG ist ein Unternehmen der Sicherheitsbranche, spezialisiert auf die Bereiche Lieferlogistik, Bau\u00fcberwachung, Sicherheit, Streifendienst und Zugangskontrolle. Seit seiner Gr\u00fcndung hat sich das Unternehmen einen hervorragenden Ruf f\u00fcr Professionalit\u00e4t, Zuverl\u00e4ssigkeit und Effizienz aufgebaut. Unser engagiertes Team besteht aus hochqualifizierten Sicherheitskr\u00e4ften mit umfassender Erfahrung in<span class=\"dots\"> &hellip; <\/span><span class=\"link-more\"><a href=\"https:\/\/dbs-ag.ch\/index.php\/uber-uns\/\" class=\"more-link\">Read more <span class=\"screen-reader-text\">&#171;\u00dcber uns&#187;<\/span><\/a><\/span><\/p>\n","protected":false},"author":1,"featured_media":0,"parent":0,"menu_order":0,"comment_status":"closed","ping_status":"closed","template":"","meta":{"footnotes":""},"class_list":["post-14","page","type-page","status-publish","hentry"],"_links":{"self":[{"href":"https:\/\/dbs-ag.ch\/index.php\/wp-json\/wp\/v2\/pages\/14","targetHints":{"allow":["GET"]}}],"collection":[{"href":"https:\/\/dbs-ag.ch\/index.php\/wp-json\/wp\/v2\/pages"}],"about":[{"href":"https:\/\/dbs-ag.ch\/index.php\/wp-json\/wp\/v2\/types\/page"}],"author":[{"embeddable":true,"href":"https:\/\/dbs-ag.ch\/index.php\/wp-json\/wp\/v2\/users\/1"}],"replies":[{"embeddable":true,"href":"https:\/\/dbs-ag.ch\/index.php\/wp-json\/wp\/v2\/comments?post=14"}],"version-history":[{"count":9,"href":"https:\/\/dbs-ag.ch\/index.php\/wp-json\/wp\/v2\/pages\/14\/revisions"}],"predecessor-version":[{"id":435,"href":"https:\/\/dbs-ag.ch\/index.php\/wp-json\/wp\/v2\/pages\/14\/revisions\/435"}],"wp:attachment":[{"href":"https:\/\/dbs-ag.ch\/index.php\/wp-json\/wp\/v2\/media?parent=14"}],"curies":[{"name":"wp","href":"https:\/\/api.w.org\/{rel}","templated":true}]}}